Give c(7).
26
Let n(m) = -m**3 + 6*m**2 - m - 3. Calculate n(6).
-9
Let p(q) = -6*q + 2. Give p(2).
-10
Let u(l) = -6*l + 10. What is u(4)?
-14
Let v(o) = 3*o - 13. Give v(9).
14
Let r(x) = -6*x + 51. Calculate r(10).
-9
Let j(p) = -p**2 - 22*p + 20. Give j(-16).
116
Let s(m) = -2*m**3 + 26*m**2 + 2*m - 28. Determine s(13).
-2
Let n(c) = c**3 - c**2 + 6*c - 10. Determine n(2).
6
Let b(o) = -13*o + 15. Give b(0).
15
Let k(b) = b**2 - 9*b + 6. What is k(11)?
28
Let g(f) = -64*f + 510. What is g(8)?
-2
Let m(g) = -g**2 + 31*g + 150. Give m(35).
10
Let y(v) = -v**2 - 10*v + 2. What is y(-10)?
2
Let c(l) = 20*l**2 + 5*l + 5. Determine c(-1).
20
Let y(n) = -6*n - 9. Give y(-7).
33
Let m(t) = -t**3 - 8*t**2 + 7*t - 4. Give m(-9).
14
Let f(k) = k**2 + 5*k - 4. What is f(1)?
2
Let l(i) = i + 5. Calculate l(-4).
1
Let y(i) = -i**2 - 2*i + 10. Calculate y(-6).
-14
Let y(a) = 3*a**2 - 5*a + 5. Determine y(-4).
73
Let g(i) = -i**2 - 44*i - 444. What is g(-27)?
15
Let a(s) = -s**3 + 8*s**2 + 6*s + 9. Determine a(8).
57
Let y(m) = -m**3 + 17*m**2 - 14*m - 38. Calculate y(16).
-6
Let l(a) = 16*a - 5. Calculate l(1).
11
Let p(z) = 2*z - 1. Determine p(5).
9
Let q(w) = w**3 - 9*w**2 + 8*w + 2. Calculate q(2).
-10
Let q(g) = 2*g**2 - 8*g - 4. What is q(6)?
20
Let h(o) = -o**3 - 10*o**2 - 2*o + 64. Give h(-9).
1
Let u(z) = -z**3 + 7*z**2 - 6*z - 2. Give u(6).
-2
Let c(w) = -3*w**3 + 48*w**2 - 31. Calculate c(16).
-31
Let j(m) = m**3 + 14*m**2 + 46*m - 30. Calculate j(-7).
-9
Let o(w) = -50*w**2 - 3*w + 2. Determine o(1).
-51
Let g(x) = 3*x + 1. What is g(5)?
16
Let m(p) = 10*p + 99. What is m(-10)?
-1
Let g(m) = -32*m. Give g(-2).
64
Let v(o) = 2*o - 6. Calculate v(-7).
-20
Let u(a) = a**2 + 10*a - 1. Determine u(-11).
10
Let r(d) = d**2 - 2*d - 43. Calculate r(7).
-8
Let o(w) = 55*w + 327. Calculate o(-6).
-3
Let l(c) = 4*c**2 + c. Give l(-1).
3
Let t(o) = -40*o + 288. Determine t(8).
-32
Let z(n) = -77*n - 138. What is z(-2)?
16
Let c(u) = 2*u + 9. Calculate c(-10).
-11
Let l(f) = -4*f**2 - 127*f - 84. Calculate l(-31).
9
Let v(n) = -n**3 - 2*n**2 - 2. Determine v(4).
-98
Let d(n) = n**3 + 3*n**2 - 2*n + 9. Calculate d(-4).
1
Let z(b) = -b**3 - 5*b**2 + 6*b - 6. Calculate z(-6).
-6
Let m(o) = -3*o**3 + 3*o**2 + o - 1. What is m(-1)?
4
Let m(f) = f - 4. Give m(6).
2
Let x(y) = 18*y**2 - y. Determine x(1).
17
Let m(b) = b - 21. Calculate m(-7).
-28
Let g(m) = -m**2 - m + 17. Calculate g(-4).
5
Let w(v) = -6*v**2 - 31*v + 7. Calculate w(-6).
-23
Let p(o) = -o**3 + 5*o**2 + 6*o - 9. What is p(6)?
-9
Let a(p) = -4*p - 4. Calculate a(3).
-16
Let o(d) = -3*d + 2. What is o(7)?
-19
Let d(u) = u**3 + 9*u**2 + 7*u + 7. Give d(-8).
15
Let q(b) = -b**2 + 4*b + 189. Calculate q(-12).
-3
Let w(g) = g**2 - 2*g - 7. Determine w(-3).
8
Let z(s) = -5*s**3 - 2*s**2 + s + 1. Give z(-2).
31
Let p(m) = m**3 - 8*m**2 - 3*m + 7. What is p(8)?
-17
Let j(d) = 2*d**2 - 6*d + 6. Give j(1).
2
Let y(j) = -j**2 + 8*j + 9. Determine y(8).
9
Let p(f) = -6*f - 44. Calculate p(-13).
34
Let x(m) = -m**3 - 18*m**2 - 2*m - 41. What is x(-18)?
-5
Let o(d) = 44*d - 87. Determine o(2).
1
Let s(k) = 2*k**3 + 21*k**2 - 35*k + 2. Determine s(-12).
-10
Let i(b) = -14*b - 27. Calculate i(-6).
57
Let l(k) = k**3 - 8*k**2 - 12*k + 14. Give l(9).
-13
Let w(u) = -u**3 + 8*u**2 - 7*u - 8. Give w(7).
-8
Let p(m) = 7*m - 2. What is p(-2)?
-16
Let q(n) = n + 4. What is q(-12)?
-8
Let f(v) = -4*v - 5. Give f(-6).
19
Let t(p) = -2*p**3 - 11*p**2 - 2*p + 5. What is t(-5)?
-10
Let c(m) = -m**3 + 6*m**2 - 5*m. Give c(2).
6
Let z(g) = g**2 + 21*g - 1004. Give z(-44).
8
Let c(w) = 4*w - 10. Give c(3).
2
Let a(q) = q**3 + 10*q**2 + 6*q - 13. Give a(-9).
14
Let b(a) = -2*a + 11. What is b(6)?
-1
Let q(o) = 3*o**2 + 19*o - 4. What is q(-7)?
10
Let l(w) = -w**3 - 7*w**2 + 14*w - 50. Give l(-9).
-14
Let k(q) = q**3 + 4*q**2 - 3*q + 13. Give k(-5).
3
Let w(l) = 4*l + 122. What is w(-25)?
22
Let q(l) = l**3 - 11*l**2 - 12*l - 11. Give q(12).
-11
Let n(g) = 2*g + 6. Calculate n(0).
6
Let r(l) = 3*l**3 - 3*l**2 + l - 1. What is r(2)?
13
Let m(g) = -15*g**2 + 8*g + 1. Calculate m(1).
-6
Let t(w) = w**3 - 48*w**2 + 137*w - 90. What is t(45)?
0
Let h(s) = 7*s**2 - 5. Determine h(-3).
58
Let i(k) = -20*k**3 - k**2 - k + 1. Give i(1).
-21
Let i(r) = -3*r + 2. What is i(0)?
2
Let u(o) = 2*o + 34. What is u(-17)?
0
Let m(f) = 2*f**2 + 7*f - 5. Determine m(4).
55
Let z(h) = -14*h + 158. Give z(11).
4
Let n(v) = -25*v - 17. What is n(3)?
-92
Let t(k) = -k - 11. What is t(-23)?
12
Let w(h) = -10*h**3 - 3*h**2 + 2. What is w(1)?
-11
Let j(t) = -t**3 - 7*t**2 - 5*t + 17. What is j(-6)?
11
Let m(z) = z + 4. Determine m(0).
4
Let y(a) = 2*a**2 - a - 4. Determine y(-4).
32
Let q(d) = d**2 - 10*d - 6. What is q(8)?
-22
Let s(d) = -d - 11. Calculate s(16).
-27
Let b(d) = 9*d - 57. What is b(7)?
6
Let c(g) = -24*g. Determine c(1).
-24
Let b(t) = 10*t**3 + 2*t + 2. Calculate b(-1).
-10
Let o(w) = -w**3 - 7*w**2 - 4. Calculate o(-6).
-40
Let k(p) = -p**3 - 3*p**2 + 3*p - 5. Determine k(-3).
-14
Let z(c) = c**3 - c**2 - 5*c - 1. Give z(-2).
-3
Let u(d) = 8*d + 16. Determine u(5).
56
Let g(b) = b**3 + 6*b**2 + 4*b. What is g(-5)?
5
Let u(i) = -i**2 - 2*i + 7. What is u(-5)?
-8
Let z(t) = 2*t - 44. Give z(26).
8
Let b(k) = -k + 2. Calculate b(6).
-4
Let r(n) = -n**2 - 6*n + 1. Give r(-8).
-15
Let a(v) = -5*v + 13. Give a(4).
-7
Let d(g) = 36*g - 127. Determine d(4).
17
Let a(y) = -y**3 + 14*y**2 - 3*y + 27. Determine a(14).
-15
Let v(l) = -l**2 - 5*l - 8. What is v(-4)?
-4
Let m(x) = -8*x + 93. What is m(10)?
13
Let a(u) = u - 3. Calculate a(14).
11
Let r(p) = p - 15. Give r(14).
-1
Let c(x) = -13*x + 172. What is c(13)?
3
Let i(m) = -81*m + 83. What is i(1)?
2
Let y(d) = d**3 + 11*d**2 - 17*d - 21. Calculate y(-12).
39
Let q(u) = 12*u**2 + 3*u + 3. What is q(1)?
18
Let d(j) = -j - 8. Give d(-6).
-2
Let u(l) = l**3 - 2*l**2 + 2*l - 9. Give u(3).
6
Let a(k) = 11*k - 1. Give a(2).
21
Let c(v) = v**3 - 9*v**2 - 3*v + 33. Calculate c(9).
6
Let s(q) = q**2 + q + 2. Determine s(0).
2
Let n(x) = x**3 + 16*x**2 + 3*x + 46. Determine n(-16).
-2
Let w(h) = 2*h**3 - 16*h**2 - h - 25. Calculate w(8).
-33
Let b(g) = g**3 - 18*g**2 - 65*g + 8. What is b(21)?
-34
Let p(z) = 3*z + 16. Give p(-16).
-32
Let v(w) = 16*w - 378. Give v(25).
22
Let l(f) = -5*f**3 + f**2 + f - 1. Give l(1).
-4
Let i(r) = 3*r - 17. What is i(13)?
22
Let y(g) = g**3 + 16*g**2 + 31*g + 35. Determine y(-14).
-7
Let p(z) = z**3 - 28*z**2 - 2*z + 12. Calculate p(28).
-44
Let v(n) = 2*n + 1. Give v(4).
9
Let u(w) = -w**2 - 2*w - 10. Give u(-5).
-25
Let k(s) = s**3 + 2*s**2 - s - 2. Calculate k(2).
12
Let b(q) = -2*q**2 + 2*q - 1. Give b(2).
-5
Let h(x) = -8*x + 9. Calculate h(-11).
97
Let l(f) = -f**3 - 19*f**2 + 22*f + 44. What is l(-20)?
4
Let n(y) = y**3 - 16*y**2 - 18*y + 4. Calculate n(17).
-13
Let w(y) = -y**2 - 8*y. What is w(-7)?
7
Let k(s) = 4*s**2 - 57*s - 39. What is k(15)?
6
Let z(w) = 20*w + 108. Determine z(-5).
8
Let h(n) = 2*n**2 - 3*n - 2. Give h(0).
-2
Let u(b) = -b**3 - 9*b**2 - 6*b. Determine u(-8).
-16
Let h(n) = 8*n - 27. What is h(3)?
-3
Let d(j) = -2*j - 66. Determine d(-23).
-20
Let f(y) = -7*y - 66. Calculate f(-10).
4
Let y(t) = 51*t + 13. What is y(-3)?
-140
Let f(k) = 21*k**3 - k - 2. Give f(-1).
-22
Let o(n) = n**2 - 5*n + 1. Determine o(3).
-5
Let s(h) = -h**3 + h**2 + 7*h + 5. What is s(-2)?
3
Let c(j) = -j + 7. What is c(6)?
1
Let l(f) = -27*f + 165. What is l(6)?
3
Let z(c) = -4*c - 40. Calculate z(-8).
-8
Let s(c) = 39*c**3 - 3*c - 2. Determine s(-1).
-38
Let u(t) = t**2 + 9*t + 7. Give u(-8).
-1
Let s(x) = 5*x**2 - 8*x + 2. Give s(2).
6
Let r(b) = -5*b**2 + 4*b - 3. What is r(1)?
-4
Let l(r) = 2*r**2 + 4*r - 2. Calculate l(5).
68
Let j(u) = 2*u**2 + 9*u + 14. Calculate j(-2).
4
Let o(a) = -5*a**3 + 3*a**2 - 2. Calculate o(2).
-30
Let y(n) = n**2 - 11*n + 12. Give y(10).
2
Let b(l) = -30*l - 6. Determine b(-1).
24
Let d(b) = -b**3 + 4*b**2 + 2*b + 6. Determine d(5).
-9
Let p(f) = -11*f**3 - 5*f**2 - 3*f - 5. Calculate p(-2).
69
Let r(c) = 2*c**3 + 2*c**2 - 70*c - 71. Determine r(-1).
-1
Let k(f) = -2*f**3 + 5*f**2 - 13*f + 10. Give k(2).
-12
Let p(f) = -f - 16. What is p(-8)?
-8
Let x(l) = -l**2 - 11*l - 30. Give x(-8).
-6
Let y(b) = 14*b + 23. Determine y(-2